{"id":2761,"date":"2026-01-22T06:58:58","date_gmt":"2026-01-22T11:58:58","guid":{"rendered":"https:\/\/lirsperu.com\/?page_id=2761"},"modified":"2026-01-22T07:04:30","modified_gmt":"2026-01-22T12:04:30","slug":"mantenimiento-industrial","status":"publish","type":"page","link":"https:\/\/lirsperu.com\/?page_id=2761","title":{"rendered":"Mantenimiento Industrial"},"content":{"rendered":"\n<p>Brindamos servicios integrales de mantenimiento industrial orientados a asegurar la continuidad operativa, la seguridad de los procesos y el \u00f3ptimo funcionamiento de equipos e instalaciones.<br><br>Ejecutamos mantenimiento preventivo, correctivo y predictivo, enfocados en la reducci\u00f3n de fallas, la optimizaci\u00f3n del rendimiento operativo y la prolongaci\u00f3n de la vida \u00fatil de la maquinaria e infraestructura industrial.<br><br>Nuestro servicio comprende trabajos mec\u00e1nicos, el\u00e9ctricos, estructurales y de infraestructura industrial, realizados por personal t\u00e9cnico calificado, bajo procedimientos seguros y eficientes, minimizando tiempos de parada y riesgos operativos.<br><br>Trabajamos con un enfoque de calidad, seguridad y mejora continua, brindando soluciones confiables y adaptadas a las necesidades de cada cliente, para mantener sus operaciones siempre en funcionamiento.<\/p>\n\n\n\n<figure class=\"wp-block-image size-large\"><img loading=\"lazy\" decoding=\"async\" width=\"724\" height=\"1024\" src=\"https:\/\/lirsperu.com\/wp-content\/uploads\/2026\/01\/b9-724x1024.png\" alt=\"\" class=\"wp-image-2749\" srcset=\"https:\/\/lirsperu.com\/wp-content\/uploads\/2026\/01\/b9-724x1024.png 724w, https:\/\/lirsperu.com\/wp-content\/uploads\/2026\/01\/b9-212x300.png 212w, https:\/\/lirsperu.com\/wp-content\/uploads\/2026\/01\/b9-768x1086.png 768w, https:\/\/lirsperu.com\/wp-content\/uploads\/2026\/01\/b9-1086x1536.png 1086w, https:\/\/lirsperu.com\/wp-content\/uploads\/2026\/01\/b9-1448x2048.png 1448w, https:\/\/lirsperu.com\/wp-content\/uploads\/2026\/01\/b9-scaled.png 1811w\" sizes=\"auto, (max-width: 724px) 100vw, 724px\" \/><\/figure>\n","protected":false},"excerpt":{"rendered":"<p>Brindamos servicios integrales de mantenimiento industrial orientados a asegurar la continuidad operativa, la seguridad de los procesos y el \u00f3ptimo funcionamiento de equipos e instalaciones. Ejecutamos mantenimiento preventivo, correctivo y predictivo, enfocados en la reducci\u00f3n de fallas, la optimizaci\u00f3n del rendimiento operativo y la prolongaci\u00f3n de la vida \u00fatil de la maquinaria e infraestructura industrial. &hellip; <\/p>\n<p class=\"link-more\"><a href=\"https:\/\/lirsperu.com\/?page_id=2761\" class=\"more-link\">Continue reading<span class=\"screen-reader-text\"> \u00abMantenimiento Industrial\u00bb<\/span><\/a><\/p>\n","protected":false},"author":1,"featured_media":0,"parent":0,"menu_order":0,"comment_status":"closed","ping_status":"closed","template":"","meta":{"_joinchat":[],"footnotes":""},"class_list":["post-2761","page","type-page","status-publish","hentry"],"_links":{"self":[{"href":"https:\/\/lirsperu.com\/index.php?rest_route=\/wp\/v2\/pages\/2761","targetHints":{"allow":["GET"]}}],"collection":[{"href":"https:\/\/lirsperu.com\/index.php?rest_route=\/wp\/v2\/pages"}],"about":[{"href":"https:\/\/lirsperu.com\/index.php?rest_route=\/wp\/v2\/types\/page"}],"author":[{"embeddable":true,"href":"https:\/\/lirsperu.com\/index.php?rest_route=\/wp\/v2\/users\/1"}],"replies":[{"embeddable":true,"href":"https:\/\/lirsperu.com\/index.php?rest_route=%2Fwp%2Fv2%2Fcomments&post=2761"}],"version-history":[{"count":3,"href":"https:\/\/lirsperu.com\/index.php?rest_route=\/wp\/v2\/pages\/2761\/revisions"}],"predecessor-version":[{"id":2767,"href":"https:\/\/lirsperu.com\/index.php?rest_route=\/wp\/v2\/pages\/2761\/revisions\/2767"}],"wp:attachment":[{"href":"https:\/\/lirsperu.com\/index.php?rest_route=%2Fwp%2Fv2%2Fmedia&parent=2761"}],"curies":[{"name":"wp","href":"https:\/\/api.w.org\/{rel}","templated":true}]}}