{"id":1244,"date":"2024-09-13T20:43:38","date_gmt":"2024-09-14T01:43:38","guid":{"rendered":"https:\/\/lirsperu.com\/?page_id=1244"},"modified":"2026-01-22T07:57:56","modified_gmt":"2026-01-22T12:57:56","slug":"asesoria-ambiental","status":"publish","type":"page","link":"https:\/\/lirsperu.com\/?page_id=1244","title":{"rendered":"Asesor\u00eda ambiental"},"content":{"rendered":"\n<p>Brindamos servicios especializados de <strong>asesor\u00eda ambiental<\/strong> orientados a asegurar el <strong>cumplimiento de la normativa ambiental vigente<\/strong>, optimizar la gesti\u00f3n de residuos y fortalecer la cultura ambiental de las organizaciones.<\/p>\n\n\n\n<p>Acompa\u00f1amos a empresas de diversos sectores productivos en la identificaci\u00f3n de brechas ambientales, la implementaci\u00f3n de herramientas de gesti\u00f3n y el fortalecimiento de sus procesos internos, reduciendo riesgos legales, operativos y ambientales.<\/p>\n\n\n\n<h3 class=\"wp-block-heading\">Nuestros servicios incluyen:<\/h3>\n\n\n\n<p><strong>Diagn\u00f3stico e identificaci\u00f3n de brechas ambientales<\/strong><br>Evaluamos el cumplimiento legal y operativo de su organizaci\u00f3n, identificando oportunidades de mejora y riesgos ambientales asociados a sus actividades.<\/p>\n\n\n\n<p><strong>Elaboraci\u00f3n de instrumentos de gesti\u00f3n ambiental<\/strong><br>Desarrollamos planes y documentos t\u00e9cnicos, tales como:<\/p>\n\n\n\n<ul class=\"wp-block-list\">\n<li>Plan de Manejo de Residuos S\u00f3lidos<\/li>\n\n\n\n<li>Matriz IPERC ambiental<\/li>\n\n\n\n<li>Procedimientos operativos<\/li>\n\n\n\n<li>Manuales ambientales y de buenas pr\u00e1cticas<\/li>\n<\/ul>\n\n\n\n<p><strong>Capacitaci\u00f3n en manejo de residuos peligrosos y no peligrosos<\/strong><br>Capacitamos al personal en normativa ambiental, manejo seguro de residuos y buenas pr\u00e1cticas operativas, fortaleciendo la prevenci\u00f3n de incidentes y el cumplimiento normativo.<\/p>\n\n\n\n<p><strong>Asesor\u00eda en SIGERSOL<\/strong><br>Brindamos soporte t\u00e9cnico para el correcto registro, actualizaci\u00f3n y presentaci\u00f3n de informaci\u00f3n en el Sistema de Informaci\u00f3n para la Gesti\u00f3n de Residuos S\u00f3lidos (SIGERSOL), conforme a los requerimientos del MINAM.<\/p>\n\n\n\n<blockquote class=\"wp-block-quote is-layout-flow wp-block-quote-is-layout-flow\">\n<p><strong>Orientamos tu empresa hacia una cultura ambiental s\u00f3lida<\/strong>, promoviendo la mejora continua y una gesti\u00f3n ambiental responsable.<\/p>\n<\/blockquote>\n\n\n<div class=\"wp-block-image is-style-default\">\n<figure class=\"aligncenter size-large\"><img loading=\"lazy\" decoding=\"async\" width=\"724\" height=\"1024\" src=\"https:\/\/lirsperu.com\/wp-content\/uploads\/2026\/01\/b7-724x1024.png\" alt=\"\" class=\"wp-image-2747\" srcset=\"https:\/\/lirsperu.com\/wp-content\/uploads\/2026\/01\/b7-724x1024.png 724w, https:\/\/lirsperu.com\/wp-content\/uploads\/2026\/01\/b7-212x300.png 212w, https:\/\/lirsperu.com\/wp-content\/uploads\/2026\/01\/b7-768x1086.png 768w, https:\/\/lirsperu.com\/wp-content\/uploads\/2026\/01\/b7-1086x1536.png 1086w, https:\/\/lirsperu.com\/wp-content\/uploads\/2026\/01\/b7-1448x2048.png 1448w, https:\/\/lirsperu.com\/wp-content\/uploads\/2026\/01\/b7-scaled.png 1810w\" sizes=\"auto, (max-width: 724px) 100vw, 724px\" \/><\/figure>\n<\/div>","protected":false},"excerpt":{"rendered":"<p>Brindamos servicios especializados de asesor\u00eda ambiental orientados a asegurar el cumplimiento de la normativa ambiental vigente, optimizar la gesti\u00f3n de residuos y fortalecer la cultura ambiental de las organizaciones. Acompa\u00f1amos a empresas de diversos sectores productivos en la identificaci\u00f3n de brechas ambientales, la implementaci\u00f3n de herramientas de gesti\u00f3n y el fortalecimiento de sus procesos internos, &hellip; <\/p>\n<p class=\"link-more\"><a href=\"https:\/\/lirsperu.com\/?page_id=1244\" class=\"more-link\">Continue reading<span class=\"screen-reader-text\"> \u00abAsesor\u00eda ambiental\u00bb<\/span><\/a><\/p>\n","protected":false},"author":1,"featured_media":0,"parent":0,"menu_order":0,"comment_status":"closed","ping_status":"closed","template":"","meta":{"_joinchat":[],"footnotes":""},"class_list":["post-1244","page","type-page","status-publish","hentry"],"_links":{"self":[{"href":"https:\/\/lirsperu.com\/index.php?rest_route=\/wp\/v2\/pages\/1244","targetHints":{"allow":["GET"]}}],"collection":[{"href":"https:\/\/lirsperu.com\/index.php?rest_route=\/wp\/v2\/pages"}],"about":[{"href":"https:\/\/lirsperu.com\/index.php?rest_route=\/wp\/v2\/types\/page"}],"author":[{"embeddable":true,"href":"https:\/\/lirsperu.com\/index.php?rest_route=\/wp\/v2\/users\/1"}],"replies":[{"embeddable":true,"href":"https:\/\/lirsperu.com\/index.php?rest_route=%2Fwp%2Fv2%2Fcomments&post=1244"}],"version-history":[{"count":6,"href":"https:\/\/lirsperu.com\/index.php?rest_route=\/wp\/v2\/pages\/1244\/revisions"}],"predecessor-version":[{"id":2789,"href":"https:\/\/lirsperu.com\/index.php?rest_route=\/wp\/v2\/pages\/1244\/revisions\/2789"}],"wp:attachment":[{"href":"https:\/\/lirsperu.com\/index.php?rest_route=%2Fwp%2Fv2%2Fmedia&parent=1244"}],"curies":[{"name":"wp","href":"https:\/\/api.w.org\/{rel}","templated":true}]}}